+ 2668. List the prime factors of c.
2, 5, 5399
Let x(n) = -2*n - 10. Suppose 3*s + 2*o + 13 = 0, 5*s - o = -5*o - 19. Let l be x(s). What are the prime factors of 1/l - (-534)/8?
67
Let z be (-546)/22 + (-6)/33. Let o be z/(-3) - 3/9. Suppose -227 = -o*y + 533. What are the prime factors of y?
5, 19
Let x(l) = -404 + 46*l + 26*l + 50*l + 3*l. List the prime factors of x(6).
2, 173
Suppose 38*h - 10 = 43*h. Let y(c) = -48*c**3 + 5*c**2 + 4. What are the prime factors of y(h)?
2, 3, 17
Let x(n) = -386*n**3 + 3*n**2 + n - 1. Let h be x(-1). Let m = h + 153. What are the prime factors of m?
2, 3, 5
What are the prime factors of (26/4)/((((-88)/(-30))/22)/228)?
3, 5, 13, 19
Let x be 8/20 - ((-352)/(-5) - -2). Let j = x - -75. Suppose 0 = -j*f - 3*f + 1110. List the prime factors of f.
5, 37
Let y(t) = t**2 + 22*t - 85. Let j(w) = -w**3 - 7*w**2 + 14*w + 14. Let g be j(-8). What are the prime factors of y(g)?
17, 19
Let g be (-5210)/(-3) + (-12)/18 + 0. Let i = -1042 + g. What are the prime factors of i?
2, 347
Let c(f) = -9*f**3 - 3*f**2 - 2*f. Let r be c(-1). Let o(s) = 21*s + 90. What are the prime factors of o(r)?
2, 3, 43
Let i(y) = 8*y**2 + 55*y + 142. What are the prime factors of i(-43)?
12569
Suppose 6 = g - 2*s, -3*g + 5*s + 16 = -0. Suppose -14*u = -11*u + 5*n - 712, -g*u + 458 = -5*n. List the prime factors of u.
2, 3, 13
Let c = -1870 - -1875. Suppose 3*b - 96 = 1107. Suppose -c*m - 3*a + 781 = 0, -3*m + 68 + b = 2*a. What are the prime factors of m?
5, 31
Let t(d) be the first derivative of -d**2/2 + 4*d - 18. Let w be t(1). What are the prime factors of ((-3)/2)/(w/(-236))?
2, 59
Suppose 3*l + 4*m + 12 = 55, -5*l + 70 = 5*m. Suppose -3099 = -l*h + 1828. What are the prime factors of h?
379
Let t(i) = 17*i**2 + 7*i - 6. Let d be t(1). Suppose 356 = 2*o - 3*q, 4*q + 165 = o - d. What are the prime factors of o?
5, 7
Suppose 4*g + 198*n = 200*n + 107578, -g - 5*n + 26944 = 0. List the prime factors of g.
37, 727
Let x(y) = y**2 - 5*y - 5. Let o be x(-4). Suppose 0 = -o*b + 32*b - 455. What are the prime factors of b?
5, 7, 13
Suppose 0 = -4*l - 4*b + 59728, 2*b + 74667 = -867*l + 872*l. List the prime factors of l.
109, 137
What are the prime factors of 29017/1 - (127 + -146)?
2, 7, 17, 61
Suppose -3*b + 4*w = -3356 - 2234, b = 3*w + 1860. Let d = b - 1096. Suppose 0 = -2*i + 4*u + 334, i - d = -4*i - 3*u. List the prime factors of i.
157
Suppose -18*u + 3*u + 20490 = 0. Suppose -1603 = -4*t + 3*s - 242, 2*s = -4*t + u. What are the prime factors of t?
11, 31
Suppose 0 = -33*u + 1246704 + 522778 + 961598. What are the prime factors of u?
2, 5, 2069
Let g be (-16)/(-6)*((-369)/(-6))/1. What are the prime factors of (-8 - g/(-8))*20/2?
5
Suppose 3*f = -0*f - 165. Let d be (f/77)/((-2)/14). Suppose 0 = 4*a - r - 263, -5*a - d*r + 191 = -144. List the prime factors of a.
2, 3, 11
Let v(n) = n + 7. Let p be v(1). Suppose p*l - 1038 + 126 = 0. List the prime factors of l.
2, 3, 19
Suppose 0 = 3*m - 2*m - 2*o + 6, 5*o = -15. Let u be (-4)/m - (-112)/(-12). List the prime factors of (620/(-6))/(6/u).
5, 31
Let y = 10265 + -5648. What are the prime factors of y?
3, 19
Let o(l) = -1130*l + 457. What are the prime factors of o(-17)?
71, 277
Let f(c) = 5*c**2 - 300 + 301 + 0*c**2. Let b be f(-7). Suppose 15*i = 21*i - b. List the prime factors of i.
41
Suppose 5*p - 21216 = -46*v + 48*v, 0 = -4*p - 4*v + 16956. What are the prime factors of p?
2, 3, 7, 101
What are the prime factors of ((-211380)/(-50))/(-2*5/(-25))?
3, 13, 271
Let b(z) = 217*z - 2 - 220*z + 163*z**3 - 546*z**3. List the prime factors of b(-1).
2, 3
Suppose 2998*w + 46915 = 3003*w. List the prime factors of w.
11, 853
Suppose 3*i - 584 = 5*i. Suppose -30 = -2*q - 34, 3*j + 1256 = 2*q. Let y = i - j. List the prime factors of y.
2
Let x = -31 + 186. Suppose b + 329 = 17*c - 14*c, 0 = 2*b - 2. Let u = x - c. List the prime factors of u.
3, 5
Suppose 17*h - 206113 + 48931 = 0. List the prime factors of h.
2, 3, 23, 67
Let c be 14 + (-2)/(-16) + 3/(-24). Suppose c*a + 707 = 15*a. What are the prime factors of a?
7, 101
Let f(v) = -v**3 - 7*v**2 - 11*v - 3. Suppose -d + 11 - 31 = 4*k, 4*d - 22 = k. What are the prime factors of f(k)?
3
Let r = -89 + 120. Suppose 26*b - r*b + 1210 = 0. What are the prime factors of b?
2, 11
Let v(i) = -8*i**2 + 24*i + 22. Let h be v(11). Let c = -145 - h. What are the prime factors of c?
3, 179
Suppose -4501 = -m + 4*x, 2*m = -3*x - 2029 + 10987. List the prime factors of m.
3, 5, 13, 23
Let r(x) = 2*x**3 - 22*x + 2. Let u(c) = -c**3 + c**2 - c. Let h(g) = r(g) + u(g). List the prime factors of h(7).
233
Suppose 0 = -2*a + 10*q - 7*q + 90504, -4*a = -4*q - 181004. Suppose 39*k = a + 20154. What are the prime factors of k?
3, 13, 43
Suppose 2*j + 177 - 2113 = 0. Suppose -4*m + j = s, 0*m = -2*s - 4*m + 1928. Suppose 3*p + 59 = 2*d - 321, -s = -5*d + 5*p. What are the prime factors of d?
2, 7
Suppose 3160 = 4*n + 576. Suppose y - n = -y. List the prime factors of y.
17, 19
Let p(x) = -9 - 3*x - 6*x + 0*x - 2*x. Let c(v) = v**2 - 14*v + 18. Let q be c(12). List the prime factors of p(q).
3, 19
Let z(r) = 2*r + 32. Let w be z(-16). Suppose 608 = -w*f + f - 5*k, 5*k = -2*f + 1216. What are the prime factors of f?
2, 19
Suppose -2*j + 538 + 66 = 0. Let d = 5327 + -5538. Let y = j + d. What are the prime factors of y?
7, 13
Let c(w) = 9*w**2 + 44*w - 234. Let a(x) = 2*x + 1. Let t(b) = -5*a(b) + c(b). What are the prime factors of t(11)?
2, 3, 17
Suppose 0 = m - 4*n + 96397, n = m - 2*n + 96397. List the prime factors of m/(-94) + 10/(-4).
3, 11, 31
Let j = -1917 + 32585. What are the prime factors of j?
2, 11, 17, 41
Let m = 186 + -181. Suppose -5653 = -m*z - 1173. What are the prime factors of z?
2, 7
Let r(s) = 13*s - 43. Let f(m) = m - 2. Let c(u) = 6*f(u) - r(u). Let n be c(4). Suppose -151 = -n*z + 71. What are the prime factors of z?
2, 37
Let j(g) be the second derivative of -11/2*g**2 + 11/6*g**3 + 0 + 1/20*g**5 - 17*g + 3/4*g**4. What are the prime factors of j(-6)?
31
Suppose -5*l = -2*x - l - 12, 4*x + 5*l = 15. Suppose x = -8*m + m + 4802. List the prime factors of m.
2, 7
Let k be (1 + -195)/(-5 + 7). Let u be (-1 - 10/5) + k. Let d = 145 + u. What are the prime factors of d?
3, 5
Suppose -3*i = 5*j - 275154, -j - 41*i + 36*i = -55022. What are the prime factors of j?
2, 3, 2293
Let a(r) = -843*r + 1680*r - 253 - 876*r. List the prime factors of a(-9).
2, 7
Let u = 23 + 37. Let a be (-8)/u - (0 - 23091/45). Suppose -a = -2*f + 55. List the prime factors of f.
2, 71
Let f(l) = -2*l**2 - 5*l + 23. Let u be ((-216)/(-7))/(-3) - (-10)/35. Let t be f(u). Let o = -27 - t. List the prime factors of o.
2, 5
Suppose 2*y = -3*r + 1720, y + 2845 = 9*r - 4*r. Suppose 5*o = -5*a + r, 0 = o + 3*a - 151 + 27. Let t = 334 - o. What are the prime factors of t?
3, 5
Let h(v) = v**3 + 6*v**2 - v - 2. Let q be h(-6). Suppose -15 = -q*r + 3*r. Suppose -r - 20 = -5*o. List the prime factors of o.
7
What are the prime factors of (2364/10)/(-8 - 3129/(-390) - 0)?
2, 13, 197
Suppose -3*x + 9 + 15 = -4*d, -35 = 3*d + 2*x. List the prime factors of -1 + (-11)/d - 253495/(-1089).
233
Let z(r) = 3*r - 3. Let g be z(13). Let l be 5274/54 + (-1)/(-3) + -1. Let v = l - g. List the prime factors of v.
61
Suppose n = -3*o + 7258, -18*o - 6 = -17*o. List the prime factors of n.
2, 17, 107
Suppose 5*h + 10 = 2*s - 0*s, -5*h + s = 10. Let a be 0 - -1 - (h + -6). Suppose 571 = a*t - 302. What are the prime factors of t?
97
Suppose -2*w = 2*w - 24. Suppose -w*h + 5 = -5*h. Suppose 5*x - 2*z = 43, -2*x - x = h*z - 1. What are the prime factors of x?
7
Let y = 206 - -49. Let q = y + -386. Let x = q + 286. What are the prime factors of x?
5, 31
Let p = 29533 - 17969. What are the prime factors of p?
2, 7, 59
Suppose -109*a + 824701 = -1934089. What are the prime factors of a?
2, 5, 2531
Let n be (-2)/(-4) - (-25)/(-50). Let s be (-1 - -1) + 20 + n/5. Suppose -4 + s = 8*w. What are the prime factors of w?
2
Suppose 993620 = 86*b - 871160 - 256410. List the prime factors of b.
5, 4933
Suppose -21*f + 16*f = 275. List the prime factors of 6/(-11) + (-19115)/f.
347
Let o(g) = 93*g - 1253. List the prime factors of o(42).
7, 379
Let f(d) = -d**3 + d**2 + 2*d - 3. Let s be f(2). Let l be s